{"id":23,"date":"2022-06-05T11:04:57","date_gmt":"2022-06-05T11:04:57","guid":{"rendered":"https:\/\/egt-glasfaser.de\/?page_id=23"},"modified":"2022-06-14T08:50:09","modified_gmt":"2022-06-14T08:50:09","slug":"unternehmen","status":"publish","type":"page","link":"https:\/\/egt-glasfaser.de\/?page_id=23","title":{"rendered":"Unternehmen"},"content":{"rendered":"<div id='layer_slider_1'  class='avia-layerslider main_color avia-shadow  avia-builder-el-0  el_before_av_heading  avia-builder-el-first  container_wrap sidebar_right'  style='height: 451px;'  ><\/div><div id='after_layer_slider_1'  class='main_color av_default_container_wrap container_wrap sidebar_right'  ><div class='container av-section-cont-open' ><div class='template-page content  av-content-small alpha units'><div class='post-entry post-entry-type-page post-entry-23'><div class='entry-content-wrapper clearfix'>\n\n<style type=\"text\/css\" data-created_by=\"avia_inline_auto\" id=\"style-css-av-l41a5w2q-d6e79de12f9c047daf5e8e30c347ae42\">\n#top .av-special-heading.av-l41a5w2q-d6e79de12f9c047daf5e8e30c347ae42{\npadding-bottom:10px;\n}\nbody .av-special-heading.av-l41a5w2q-d6e79de12f9c047daf5e8e30c347ae42 .av-special-heading-tag .heading-char{\nfont-size:25px;\n}\n.av-special-heading.av-l41a5w2q-d6e79de12f9c047daf5e8e30c347ae42 .av-subheading{\nfont-size:15px;\n}\n<\/style>\n<div  class='av-special-heading av-l41a5w2q-d6e79de12f9c047daf5e8e30c347ae42 av-special-heading-h3  avia-builder-el-1  el_after_av_layerslider  el_before_av_textblock  avia-builder-el-first '><h3 class='av-special-heading-tag '  itemprop=\"headline\"  >Unternehmen<\/h3><div class=\"special-heading-border\"><div class=\"special-heading-inner-border\"><\/div><\/div><\/div>\n<section  class='av_textblock_section av-l41a5fns-eba7211a0ac989718547adaf2f5e559d '   itemscope=\"itemscope\" itemtype=\"https:\/\/schema.org\/CreativeWork\" ><div class='avia_textblock'  itemprop=\"text\" ><p>Willkommen bei der EGT Emder Glasfaser-Technik GmbH &#8211; Ihr kompetenter Partner im Bereich der Lichtwellenleitertechnik!<\/p>\n<p>Als Spezialunternehmen aus Ostfriesland f\u00fchren wir Kabelzieh- und Kabeleinblasarbeiten sowie Glasfasermontagen mit modernster Technik durch. Unser erfahrenes und geschultes Fachpersonal garantiert h\u00f6chste Qualit\u00e4tsstandards. Kundenzufriedenheit steht f\u00fcr uns an erster Stelle.<\/p>\n<\/div><\/section>\n<div  class='hr av-l42p930m-a6fc71670c12fc3f8d964551b87c18e3 hr-default  avia-builder-el-3  el_after_av_textblock  el_before_av_gallery '><span class='hr-inner '><span class=\"hr-inner-style\"><\/span><\/span><\/div>\n\n<style type=\"text\/css\" data-created_by=\"avia_inline_auto\" id=\"style-css-av-l42l10sb-93a59c14436114907c1680e3ea9a48e0\">\n#top .avia-gallery.av-l42l10sb-93a59c14436114907c1680e3ea9a48e0 .avia-gallery-thumb a{\nwidth:20%;\n}\n<\/style>\n<div  class='avia-gallery av-l42l10sb-93a59c14436114907c1680e3ea9a48e0 avia_animate_when_visible  avia-builder-el-4  el_after_av_hr  avia-builder-el-last  avia_lazyload avia-gallery-animate avia-gallery-1'  itemprop=\"image\" itemscope=\"itemscope\" itemtype=\"https:\/\/schema.org\/ImageObject\" ><meta itemprop=\"contentURL\" content=\"https:\/\/egt-glasfaser.de\/?page_id=23\"><div class='avia-gallery-thumb'><a href=\"https:\/\/egt-glasfaser.de\/wp-content\/uploads\/2022\/06\/2_Unternehmen_1-e1654510787767-1030x773.jpg\" data-srcset=\"https:\/\/egt-glasfaser.de\/wp-content\/uploads\/2022\/06\/2_Unternehmen_1-e1654510787767-1030x773.jpg 1030w, https:\/\/egt-glasfaser.de\/wp-content\/uploads\/2022\/06\/2_Unternehmen_1-e1654510787767-300x225.jpg 300w, https:\/\/egt-glasfaser.de\/wp-content\/uploads\/2022\/06\/2_Unternehmen_1-e1654510787767-768x576.jpg 768w, https:\/\/egt-glasfaser.de\/wp-content\/uploads\/2022\/06\/2_Unternehmen_1-e1654510787767-705x529.jpg 705w, https:\/\/egt-glasfaser.de\/wp-content\/uploads\/2022\/06\/2_Unternehmen_1-e1654510787767.jpg 1281w\" data-sizes=\"(max-width: 1030px) 100vw, 1030px\" data-rel='gallery-1' data-prev-img='https:\/\/egt-glasfaser.de\/wp-content\/uploads\/2022\/06\/2_Unternehmen_1-e1654510787767-495x400.jpg' class='first_thumb lightbox ' data-onclick='1' title='Unternehmen 1'  itemprop=\"thumbnailUrl\"  ><img decoding=\"async\" fetchpriority=\"high\" class=\"wp-image-81 avia-img-lazy-loading-not-81\"   src=\"https:\/\/egt-glasfaser.de\/wp-content\/uploads\/2022\/06\/2_Unternehmen_1-e1654510787767-495x400.jpg\" width=\"495\" height=\"400\"  title='Unternehmen 1' alt='' srcset=\"https:\/\/egt-glasfaser.de\/wp-content\/uploads\/2022\/06\/2_Unternehmen_1-e1654510787767-495x400.jpg 495w, https:\/\/egt-glasfaser.de\/wp-content\/uploads\/2022\/06\/2_Unternehmen_1-e1654510787767-845x684.jpg 845w\" sizes=\"(max-width: 495px) 100vw, 495px\" \/><div class='big-prev-fake'><img decoding=\"async\" loading=\"lazy\" class=\"wp-image-81 avia-img-lazy-loading-81\"  width=\"495\" height=\"400\" src=\"https:\/\/egt-glasfaser.de\/wp-content\/uploads\/2022\/06\/2_Unternehmen_1-e1654510787767-495x400.jpg\" title='Unternehmen 1' alt='' srcset=\"https:\/\/egt-glasfaser.de\/wp-content\/uploads\/2022\/06\/2_Unternehmen_1-e1654510787767-495x400.jpg 495w, https:\/\/egt-glasfaser.de\/wp-content\/uploads\/2022\/06\/2_Unternehmen_1-e1654510787767-845x684.jpg 845w\" sizes=\"auto, (max-width: 495px) 100vw, 495px\" \/><\/div><\/a><a href=\"https:\/\/egt-glasfaser.de\/wp-content\/uploads\/2022\/06\/2_Unternehmen_2-1030x579.jpg\" data-srcset=\"https:\/\/egt-glasfaser.de\/wp-content\/uploads\/2022\/06\/2_Unternehmen_2-1030x579.jpg 1030w, https:\/\/egt-glasfaser.de\/wp-content\/uploads\/2022\/06\/2_Unternehmen_2-300x169.jpg 300w, https:\/\/egt-glasfaser.de\/wp-content\/uploads\/2022\/06\/2_Unternehmen_2-768x432.jpg 768w, https:\/\/egt-glasfaser.de\/wp-content\/uploads\/2022\/06\/2_Unternehmen_2-705x397.jpg 705w, https:\/\/egt-glasfaser.de\/wp-content\/uploads\/2022\/06\/2_Unternehmen_2.jpg 1280w\" data-sizes=\"(max-width: 1030px) 100vw, 1030px\" data-rel='gallery-1' data-prev-img='https:\/\/egt-glasfaser.de\/wp-content\/uploads\/2022\/06\/2_Unternehmen_2-495x400.jpg' class='lightbox ' data-onclick='2' title='Unternehmen 2'  itemprop=\"thumbnailUrl\"  ><img decoding=\"async\" fetchpriority=\"high\" class=\"wp-image-82 avia-img-lazy-loading-not-82\"   src=\"https:\/\/egt-glasfaser.de\/wp-content\/uploads\/2022\/06\/2_Unternehmen_2-495x400.jpg\" width=\"495\" height=\"400\"  title='Unternehmen 2' alt='' srcset=\"https:\/\/egt-glasfaser.de\/wp-content\/uploads\/2022\/06\/2_Unternehmen_2-495x400.jpg 495w, https:\/\/egt-glasfaser.de\/wp-content\/uploads\/2022\/06\/2_Unternehmen_2-845x684.jpg 845w\" sizes=\"(max-width: 495px) 100vw, 495px\" \/><div class='big-prev-fake'><img decoding=\"async\" loading=\"lazy\" class=\"wp-image-82 avia-img-lazy-loading-82\"  width=\"495\" height=\"400\" src=\"https:\/\/egt-glasfaser.de\/wp-content\/uploads\/2022\/06\/2_Unternehmen_2-495x400.jpg\" title='Unternehmen 2' alt='' srcset=\"https:\/\/egt-glasfaser.de\/wp-content\/uploads\/2022\/06\/2_Unternehmen_2-495x400.jpg 495w, https:\/\/egt-glasfaser.de\/wp-content\/uploads\/2022\/06\/2_Unternehmen_2-845x684.jpg 845w\" sizes=\"auto, (max-width: 495px) 100vw, 495px\" \/><\/div><\/a><a href=\"https:\/\/egt-glasfaser.de\/wp-content\/uploads\/2022\/06\/2_Unternehmen_3-1030x579.jpg\" data-srcset=\"https:\/\/egt-glasfaser.de\/wp-content\/uploads\/2022\/06\/2_Unternehmen_3-1030x579.jpg 1030w, https:\/\/egt-glasfaser.de\/wp-content\/uploads\/2022\/06\/2_Unternehmen_3-300x169.jpg 300w, https:\/\/egt-glasfaser.de\/wp-content\/uploads\/2022\/06\/2_Unternehmen_3-768x432.jpg 768w, https:\/\/egt-glasfaser.de\/wp-content\/uploads\/2022\/06\/2_Unternehmen_3-705x397.jpg 705w, https:\/\/egt-glasfaser.de\/wp-content\/uploads\/2022\/06\/2_Unternehmen_3.jpg 1280w\" data-sizes=\"(max-width: 1030px) 100vw, 1030px\" data-rel='gallery-1' data-prev-img='https:\/\/egt-glasfaser.de\/wp-content\/uploads\/2022\/06\/2_Unternehmen_3-495x400.jpg' class='lightbox ' data-onclick='3' title='Unternehmen 3'  itemprop=\"thumbnailUrl\"  ><img decoding=\"async\" fetchpriority=\"high\" class=\"wp-image-83 avia-img-lazy-loading-not-83\"   src=\"https:\/\/egt-glasfaser.de\/wp-content\/uploads\/2022\/06\/2_Unternehmen_3-495x400.jpg\" width=\"495\" height=\"400\"  title='Unternehmen 3' alt='' srcset=\"https:\/\/egt-glasfaser.de\/wp-content\/uploads\/2022\/06\/2_Unternehmen_3-495x400.jpg 495w, https:\/\/egt-glasfaser.de\/wp-content\/uploads\/2022\/06\/2_Unternehmen_3-845x684.jpg 845w\" sizes=\"(max-width: 495px) 100vw, 495px\" \/><div class='big-prev-fake'><img decoding=\"async\" loading=\"lazy\" class=\"wp-image-83 avia-img-lazy-loading-83\"  width=\"495\" height=\"400\" src=\"https:\/\/egt-glasfaser.de\/wp-content\/uploads\/2022\/06\/2_Unternehmen_3-495x400.jpg\" title='Unternehmen 3' alt='' srcset=\"https:\/\/egt-glasfaser.de\/wp-content\/uploads\/2022\/06\/2_Unternehmen_3-495x400.jpg 495w, https:\/\/egt-glasfaser.de\/wp-content\/uploads\/2022\/06\/2_Unternehmen_3-845x684.jpg 845w\" sizes=\"auto, (max-width: 495px) 100vw, 495px\" \/><\/div><\/a><a href=\"https:\/\/egt-glasfaser.de\/wp-content\/uploads\/2022\/06\/Unternehmen_Bild_4.jpg\" data-srcset=\"https:\/\/egt-glasfaser.de\/wp-content\/uploads\/2022\/06\/Unternehmen_Bild_4.jpg 1024w, https:\/\/egt-glasfaser.de\/wp-content\/uploads\/2022\/06\/Unternehmen_Bild_4-300x225.jpg 300w, https:\/\/egt-glasfaser.de\/wp-content\/uploads\/2022\/06\/Unternehmen_Bild_4-768x576.jpg 768w, https:\/\/egt-glasfaser.de\/wp-content\/uploads\/2022\/06\/Unternehmen_Bild_4-705x529.jpg 705w\" data-sizes=\"(max-width: 1024px) 100vw, 1024px\" data-rel='gallery-1' data-prev-img='https:\/\/egt-glasfaser.de\/wp-content\/uploads\/2022\/06\/Unternehmen_Bild_4-495x400.jpg' class='lightbox ' data-onclick='4' title='Unternehmen 4'  itemprop=\"thumbnailUrl\"  ><img decoding=\"async\" fetchpriority=\"high\" class=\"wp-image-146 avia-img-lazy-loading-not-146\"   src=\"https:\/\/egt-glasfaser.de\/wp-content\/uploads\/2022\/06\/Unternehmen_Bild_4-495x400.jpg\" width=\"495\" height=\"400\"  title='Unternehmen 4' alt='' srcset=\"https:\/\/egt-glasfaser.de\/wp-content\/uploads\/2022\/06\/Unternehmen_Bild_4-495x400.jpg 495w, https:\/\/egt-glasfaser.de\/wp-content\/uploads\/2022\/06\/Unternehmen_Bild_4-845x684.jpg 845w\" sizes=\"(max-width: 495px) 100vw, 495px\" \/><div class='big-prev-fake'><img decoding=\"async\" loading=\"lazy\" class=\"wp-image-146 avia-img-lazy-loading-146\"  width=\"495\" height=\"400\" src=\"https:\/\/egt-glasfaser.de\/wp-content\/uploads\/2022\/06\/Unternehmen_Bild_4-495x400.jpg\" title='Unternehmen 4' alt='' srcset=\"https:\/\/egt-glasfaser.de\/wp-content\/uploads\/2022\/06\/Unternehmen_Bild_4-495x400.jpg 495w, https:\/\/egt-glasfaser.de\/wp-content\/uploads\/2022\/06\/Unternehmen_Bild_4-845x684.jpg 845w\" sizes=\"auto, (max-width: 495px) 100vw, 495px\" \/><\/div><\/a><a href=\"https:\/\/egt-glasfaser.de\/wp-content\/uploads\/2022\/06\/Unternehmen_Bild_5.jpg\" data-srcset=\"https:\/\/egt-glasfaser.de\/wp-content\/uploads\/2022\/06\/Unternehmen_Bild_5.jpg 1024w, https:\/\/egt-glasfaser.de\/wp-content\/uploads\/2022\/06\/Unternehmen_Bild_5-300x225.jpg 300w, https:\/\/egt-glasfaser.de\/wp-content\/uploads\/2022\/06\/Unternehmen_Bild_5-768x576.jpg 768w, https:\/\/egt-glasfaser.de\/wp-content\/uploads\/2022\/06\/Unternehmen_Bild_5-705x529.jpg 705w\" data-sizes=\"(max-width: 1024px) 100vw, 1024px\" data-rel='gallery-1' data-prev-img='https:\/\/egt-glasfaser.de\/wp-content\/uploads\/2022\/06\/Unternehmen_Bild_5-495x400.jpg' class='lightbox ' data-onclick='5' title='Unternehmen 5'  itemprop=\"thumbnailUrl\"  ><img decoding=\"async\" fetchpriority=\"high\" class=\"wp-image-145 avia-img-lazy-loading-not-145\"   src=\"https:\/\/egt-glasfaser.de\/wp-content\/uploads\/2022\/06\/Unternehmen_Bild_5-495x400.jpg\" width=\"495\" height=\"400\"  title='Unternehmen 5' alt='' srcset=\"https:\/\/egt-glasfaser.de\/wp-content\/uploads\/2022\/06\/Unternehmen_Bild_5-495x400.jpg 495w, https:\/\/egt-glasfaser.de\/wp-content\/uploads\/2022\/06\/Unternehmen_Bild_5-845x684.jpg 845w\" sizes=\"(max-width: 495px) 100vw, 495px\" \/><div class='big-prev-fake'><img decoding=\"async\" loading=\"lazy\" class=\"wp-image-145 avia-img-lazy-loading-145\"  width=\"495\" height=\"400\" src=\"https:\/\/egt-glasfaser.de\/wp-content\/uploads\/2022\/06\/Unternehmen_Bild_5-495x400.jpg\" title='Unternehmen 5' alt='' srcset=\"https:\/\/egt-glasfaser.de\/wp-content\/uploads\/2022\/06\/Unternehmen_Bild_5-495x400.jpg 495w, https:\/\/egt-glasfaser.de\/wp-content\/uploads\/2022\/06\/Unternehmen_Bild_5-845x684.jpg 845w\" sizes=\"auto, (max-width: 495px) 100vw, 495px\" \/><\/div><\/a><\/div><\/div>\n","protected":false},"excerpt":{"rendered":"","protected":false},"author":1,"featured_media":0,"parent":0,"menu_order":0,"comment_status":"closed","ping_status":"closed","template":"","meta":{"footnotes":""},"class_list":["post-23","page","type-page","status-publish","hentry"],"_links":{"self":[{"href":"https:\/\/egt-glasfaser.de\/index.php?rest_route=\/wp\/v2\/pages\/23","targetHints":{"allow":["GET"]}}],"collection":[{"href":"https:\/\/egt-glasfaser.de\/index.php?rest_route=\/wp\/v2\/pages"}],"about":[{"href":"https:\/\/egt-glasfaser.de\/index.php?rest_route=\/wp\/v2\/types\/page"}],"author":[{"embeddable":true,"href":"https:\/\/egt-glasfaser.de\/index.php?rest_route=\/wp\/v2\/users\/1"}],"replies":[{"embeddable":true,"href":"https:\/\/egt-glasfaser.de\/index.php?rest_route=%2Fwp%2Fv2%2Fcomments&post=23"}],"version-history":[{"count":14,"href":"https:\/\/egt-glasfaser.de\/index.php?rest_route=\/wp\/v2\/pages\/23\/revisions"}],"predecessor-version":[{"id":148,"href":"https:\/\/egt-glasfaser.de\/index.php?rest_route=\/wp\/v2\/pages\/23\/revisions\/148"}],"wp:attachment":[{"href":"https:\/\/egt-glasfaser.de\/index.php?rest_route=%2Fwp%2Fv2%2Fmedia&parent=23"}],"curies":[{"name":"wp","href":"https:\/\/api.w.org\/{rel}","templated":true}]}}